 136896?
False
Is 76650 a multiple of 146?
True
Is 692 a factor of 10525320?
True
Is 14 a factor of 3494484?
True
Is 101973 a multiple of 289?
False
Is 49 a factor of 239912?
False
Is 142246 a multiple of 12?
False
Is 180846 a multiple of 4?
False
Is 453 a factor of 13660215?
True
Is 225824 a multiple of 73?
False
Does 21 divide 20076?
True
Does 14 divide 630404?
False
Does 50 divide 59815?
False
Does 98 divide 4508?
True
Does 232 divide 4448583?
False
Does 53 divide 17459?
False
Is 65 a factor of 238959?
False
Is 11 a factor of 4948042?
True
Is 2153151 a multiple of 91?
True
Does 9 divide 151385?
False
Does 8 divide 121445?
False
Does 37 divide 1418543?
True
Does 5 divide 706596?
False
Is 84 a factor of 4810680?
True
Does 17 divide 507169?
False
Is 117240 a multiple of 10?
True
Is 1730549 a multiple of 17?
True
Is 139550 a multiple of 23?
False
Does 692 divide 176161?
False
Does 7 divide 225292?
False
Is 45 a factor of 39465?
True
Is 131 a factor of 138598?
True
Is 33 a factor of 1562155?
False
Is 77 a factor of 112949?
False
Is 59 a factor of 120415?
False
Is 9 a factor of 65637?
True
Is 7872 a multiple of 28?
False
Does 58 divide 18649?
False
Is 717 a factor of 310461?
True
Is 323 a factor of 269059?
True
Is 525 a factor of 297539?
False
Does 5 divide 304590?
True
Does 80 divide 296392?
False
Does 98 divide 14180686?
False
Does 2 divide 127648?
True
Is 4 a factor of 723393?
False
Is 26 a factor of 7986610?
False
Is 743 a factor of 168460?
False
Does 11 divide 82975?
False
Does 18 divide 372067?
False
Is 115320 a multiple of 46?
False
Is 437 a factor of 11738056?
False
Is 1694402 a multiple of 13?
False
Does 4 divide 100140?
True
Is 559218 a multiple of 29?
False
Does 215 divide 88365?
True
Is 61 a factor of 274132?
False
Does 88 divide 2925380?
False
Is 155112 a multiple of 138?
True
Is 1012965 a multiple of 15?
True
Is 93 a factor of 36363?
True
Is 21 a factor of 402702?
False
Is 5 a factor of 650377?
False
Is 300 a factor of 142787?
False
Is 192372 a multiple of 17?
True
Is 8 a factor of 1867304?
True
Is 8457774 a multiple of 494?
True
Does 33 divide 81246?
True
Is 2337296 a multiple of 12?
False
Is 563764 a multiple of 194?
True
Is 26829 a multiple of 33?
True
Does 53 divide 499594?
False
Is 170 a factor of 305830?
True
Is 10 a factor of 5518862?
False
Does 165 divide 20130?
True
Is 46853 a multiple of 5?
False
Is 2959207 a multiple of 17?
True
Is 201 a factor of 100902?
True
Is 384244 a multiple of 14?
True
Does 1423 divide 3410455?
False
Does 13 divide 829106?
False
Is 46 a factor of 14536?
True
Does 59 divide 413597?
False
Is 43 a factor of 159573?
True
Is 122717 a multiple of 49?
False
Does 36 divide 80964?
True
Is 5 a factor of 10593806?
False
Does 122 divide 262787?
False
Is 4218063 a multiple of 5?
False
Does 84 divide 1877904?
True
Is 241 a factor of 253532?
True
Is 9 a factor of 251140?
False
Is 138 a factor of 238603?
False
Is 265 a factor of 27825?
True
Is 3693690 a multiple of 1365?
True
Does 99 divide 33985?
False
Is 66 a factor of 3726918?
False
Is 219370 a multiple of 27?
False
Is 153 a factor of 310590?
True
Is 113 a factor of 40002?
True
Is 12 a factor of 448377?
False
Is 18 a factor of 316764?
True
Does 9 divide 307689?
False
Is 1407916 a multiple of 17?
False
Is 8113617 a multiple of 59?
False
Is 164 a factor of 976292?
True
Does 1728 divide 510884?
False
Does 98 divide 2459702?
True
Does 95 divide 600210?
True
Is 5770 a multiple of 7?
False
Is 18 a factor of 5485248?
True
Is 44 a factor of 2813008?
True
Does 9 divide 5763352?
False
Does 15 divide 9101171?
False
Is 67850 a multiple of 59?
True
Is 390 a factor of 109803?
False
Is 450 a factor of 11750400?
True
Is 5618744 a multiple of 1398?
False
Is 8152470 a multiple of 30?
True
Is 352432 a multiple of 613?
False
Is 20 a factor of 256500?
True
Does 89 divide 189481?
True
Does 15 divide 405303?
False
Is 19571 a multiple of 21?
False
Does 88 divide 1997501?
False
Is 519698 a multiple of 50?
False
Is 36 a factor of 30253104?
True
Is 105525 a multiple of 175?
True
Does 6 divide 162776?
False
Is 135 a factor of 5786235?
True
Does 77 divide 5112075?
False
Does 22 divide 778616?
False
Is 287562 a multiple of 12?
False
Does 3 divide 10501?
False
Is 124 a factor of 2880892?
True
Does 1113 divide 15132222?
False
Is 134 a factor of 11122938?
True
Is 34356426 a multiple of 9?
False
Does 77 divide 11946011?
True
Is 57 a factor of 121563?
False
Does 13 divide 136349?
False
Does 15 divide 156075?
True
Is 7 a factor of 3643?
False
Does 6 divide 775271?
False
Does 479 divide 709878?
True
Is 64 a factor of 69760?
True
Is 303930 a multiple of 990?
True
Is 106459 a multiple of 29?
True
Is 940 a factor of 1425980?
True
Is 19 a factor of 109953?
True
Is 55 a factor of 84180?
False
Is 362866 even?
True
Is 134 a factor of 4463167?
False
Is 98 a factor of 242997?
False
Does 410 divide 2176619?
False
Is 992487 a multiple of 976?
False
Is 6219840 a multiple of 1140?
True
Is 285025 a multiple of 25?
True
Does 2 divide 19699?
False
Is 60318 a multiple of 78?
False
Is 1838955 a multiple of 15?
True
Is 59 a factor of 626327?
False
Is 82 a factor of 316848?
True
Is 302949 a multiple of 123?
True
Is 8128901 a multiple of 121?
True
Is 3098324 a multiple of 281?
False
Is 17 a factor of 71774?
True
Is 26 a factor of 196352?
True
Does 988 divide 2387996?
True
Is 6498613 a multiple of 162?
False
Is 6 a factor of 1283522?
False
Does 15 divide 509584?
False
Does 5 divide 77460?
True
Is 944 a factor of 12613647?
False
Is 31510 a multiple of 46?
True
Is 111910 a multiple of 555?
False
Is 466 a factor of 2546690?
True
Is 7 a factor of 449827?
True
Is 166909 a multiple of 27?
False
Does 11 divide 267025?
True
Is 14 a factor of 375606?
True
Does 315 divide 1866375?
True
Is 17965 a multiple of 10?
False
Is 4014010 a multiple of 286?
True
Is 23746 a multiple of 31?
True
Is 23 a factor of 701202?
False
Is 1865527 a multiple of 974?
False
Does 4 divide 10052?
True
Does 313 divide 3427350?
True
Is 886608 a multiple of 12?
True
Is 88 a factor of 231176?
True
Is 6 a factor of 467050?
False
Is 46 a factor of 1758764?
True
Is 4253950 a multiple of 18?
False
Is 30740 a multiple of 20?
True
Is 295949 a multiple of 38?
False
Does 11 divide 504550?
False
Does 10 divide 29067?
False
Does 16 divide 772704?
True
Is 127556 a multiple of 11?
True
Is 2779890 a multiple of 15?
True
Is 1624406 a multiple of 103?
False
Is 13 a factor of 4890834?
True
Is 529089 a multiple of 114?
False
Does 354 divide 37440?
False
Is 169819 a multiple of 14?
False
Does 71 divide 13657489?
True
Is 5412 a multiple of 8?
False
Is 2430155 a multiple of 41?
False
Is 64 a factor of 98368?
True
Does 14 divide 127876?
True
Is 3448133 a multiple of 17?
False
Is 4243434 a multiple of 13?
True
Is 46 a factor of 875272?
False
Does 32 divide 233856?
True
Does 182 divide 197768?
False
Does 168 divide 3280522?
False
Is 18778 a multiple of 82?
True
Is 84 a factor of 158715?
False
Is 75 a factor of 1017075?
True
Is 2204074 a multiple of 6?
False
Is 3 a factor of 1956111?
True
Is 24791 a multiple of 8?
False
Does 23 divide 350704?
True
Is 6642376 a multiple of 17?
True
Does 95 divide 1303310?
False
Is 23 a factor of 1891980?
True
Is 3227311 a multiple of 254?
False
Is 32 a factor of 3536994?
False
Does 11 divide 36330205?
False
Is 15 a factor of 428577?
False
Is 199 a factor of 45249?
False
Does 1082 divide 3389906?
True
Does 160 divide 913428?
False
Is 31 a factor of 31892?
False
Does 546 divide 663936?
True
Is 141 a factor of 450918?
True
Is 364 a factor of 181761?
False
Does 1021 divide 21441?
True
Does 1485 divide 6853275?
True
Does 156 divide 381108?
True
Is 13606008 a multiple of 24?
True
Is 290826 a multiple of 453?
True
Is 1178196 a multiple of 47?
True
Is 3879315 a multiple of 55?
True
Is 65 a factor of 6908395?
True
Is 504390 a multiple of 17?
True
Does 179 divide 94791?
False
Is 543 a factor of 81450?
True
Is 1479 a factor of 5630744?
False
Is 3884930 a multiple of 133?
True
Is 257 a factor of 130042?
True
Does 253 divide 1032999?
True
Is 14 a factor of 2735714?
False
Does 22 divide 582956?
True
Does 16 divide 23765?
False
Does 10 divide 284480?
True
Is 234 a factor of 2582658?
True
Is 953856 a multiple of 768?
True
Does 47 divide 98579?
False
Is 70944 a